of -2 + 12/(6 + -2) + r?
1
Let t(s) = 136*s**3 - s**2 - 5*s + 6. Let w(o) = 91*o**3 - o**2 - 3*o + 4. Let d(f) = 5*t(f) - 7*w(f). What is the units digit of d(1)?
3
Let r(p) = 89*p - 219. What is the tens digit of r(5)?
2
Let g = -34 + 39. Suppose -c + 72 = h + h, -3*h - g*c + 122 = 0. What is the tens digit of h?
3
Let f(x) = -24*x + 29. Suppose -4 = -n - 2*p - 0*p, 36 = -5*n + 4*p. What is the units digit of f(n)?
5
Let x(j) = -2*j - 2. Let y be x(-2). Suppose 0 = -k + y*k. Suppose k = 3*f - 196 + 37. What is the units digit of f?
3
Let z(d) = 21*d**2 - 3*d + 3. Let b be z(2). What is the tens digit of b + (4 + -2 - -1)?
8
Suppose -5*w + 30 = -2*t, -w + 2*t + 1 = -5. Suppose w*l = 2*l + 8, l + 43 = 3*g. Suppose 39 = 2*c - g. What is the tens digit of c?
2
Suppose 153*f = 95*f + 248646. What is the thousands digit of f?
4
Suppose 14 = -n + 4. Let h be 4/n - 7/(-5). What is the tens digit of (-6 + 7)/(h/14)?
1
Let i(r) be the second derivative of -r**5/20 + 2*r**4/3 + 7*r**3/6 + 5*r**2/2 - r. Let b be 224/(-21)*(-12)/16. What is the tens digit of i(b)?
6
Let c be (-2 + 1)*0/1. Let m be 321/15 + 4/(-10). Suppose 3*h - m = -c*h. What is the units digit of h?
7
Suppose w - 168 = 4*a, -2*a + 771 = 5*w - 69. Suppose -3*l = -w - 564. What is the tens digit of l?
4
Suppose -j - 2*j - 28 = 2*r, 0 = -5*j + 5*r - 5. Let c = j + 6. Suppose 0 = -c*a - 2*a + 6, -139 = -4*p + 3*a. What is the units digit of p?
7
Suppose -r - 3*i + 2823 = -2531, 3*r + 3*i = 16074. What is the units digit of r?
0
Suppose -10*k + 2322 + 1758 = 0. What is the units digit of k?
8
Let i = 4260 + -2513. What is the tens digit of i?
4
Let b = 287 + -135. Suppose 7*j - b = 3*j. What is the tens digit of j?
3
Let f be 3 - (1 + 1 + 1). Suppose w - 10 = -f*w. What is the units digit of 5/w + 1/2?
1
Suppose 169 = 5*s - 376. Suppose -3*d - 77 = -2*w + s, 0 = -5*w. Let x = d - -133. What is the units digit of x?
1
Let i = 2919 + -1999. What is the hundreds digit of i?
9
What is the hundreds digit of (-2582)/(-8) + (-15)/(-60)?
3
Let j(p) be the third derivative of p**6/120 + p**5/10 + p**4/4 + 2*p**3/3 - 11*p**2. What is the tens digit of j(-4)?
1
Suppose v - 7586 = -2*r, 43*r + 5*v = 46*r - 11366. What is the thousands digit of r?
3
Let x = 2349 + -1600. What is the tens digit of x?
4
Let w = 41 - 59. What is the units digit of (-4)/w - (-208)/36?
6
Let g(n) = 2*n + 3. Let q be g(0). Suppose -q*r - 15 = 6. Let k = r + 79. What is the tens digit of k?
7
What is the units digit of -8 - (-299)/39 - (-934)/3?
1
Suppose 2*m = b + 3, 9*m - 5*m = -3*b - 19. Let j(d) = 2 - 56*d - 2. What is the tens digit of j(m)?
5
Let p(y) = 547*y**2 + 4*y + 7. What is the hundreds digit of p(-2)?
1
Let m = -129 + 123. Let g(q) = -2 - 2*q - 4 + 1. What is the units digit of g(m)?
7
Let u be (2/(-5))/(6/90). Let c be (-11)/(-5) + u/30. What is the units digit of -3 - (-21 + -1 + c)?
7
Suppose 0*j - h = -5*j + 330, -20 = 4*h. What is the tens digit of j?
6
Let d = 19 - 34. Let v(q) = -q**2 - 18*q + 4. What is the units digit of v(d)?
9
Suppose -4*p + 3*p + 16 = -4*s, 4*p = 0. Let x be ((-28)/70)/(s/10). Let f = x + 39. What is the tens digit of f?
4
Suppose 11*h - 15*h = -2436. What is the units digit of h?
9
Let j = 11 - 9. Suppose j*t = -2*t + 92. Suppose -4*p + 9 = -t. What is the units digit of p?
8
Suppose -4*p = -2*b - 4458, -4*p + 6494 = 3*b + 2051. What is the units digit of p?
3
Let s(a) = a**3 - 22*a**2 - 60*a - 75. What is the hundreds digit of s(26)?
0
Let r be (-66)/4*32/24. Let c = 0 - r. Suppose 2*k - 3*x - c = 0, 3*k + 2*x - 33 = -2*x. What is the units digit of k?
1
What is the tens digit of -77*39/(-143)*2?
4
Suppose -697*z = -690*z - 10164. What is the tens digit of z?
5
What is the hundreds digit of -2 - (3 + -4)/((-3)/(-4374))?
4
Let j(r) = r**3 + 4*r**2 - 5*r. Let p = 8 + -13. Let u be j(p). Let t(m) = m + 12. What is the units digit of t(u)?
2
What is the hundreds digit of 957 - (-20 + 4)/(-2)?
9
Let j be (-1 + 123 - -3) + -3. Suppose -4*g + j = -5*p, -g - p - 114 = -5*g. Suppose c + g = 3*c. What is the units digit of c?
4
Suppose 2*y - 158 = -5*s, 2*s - 3*y = -2*s + 108. Suppose s*t + 990 = 35*t. What is the hundreds digit of t?
1
Let b(p) = 566*p**2 + 3*p + 4. What is the hundreds digit of b(-1)?
5
Let f(c) be the third derivative of 1/120*c**6 + 0 + 6*c**2 + 0*c - 1/12*c**4 + 1/2*c**3 - 1/15*c**5. What is the tens digit of f(5)?
1
Suppose n - 1469 - 254 = -4*i, i - 428 = -3*n. What is the hundreds digit of i?
4
Suppose k - 5*c = 3383, -5*k + 16963 = 79*c - 80*c. What is the units digit of k?
3
Suppose 5*x + 4*q - 25911 = 0, 0 = -3*x + 4*q + 7601 + 7920. What is the tens digit of x?
7
Let w(u) = 15*u + 5. Let x(z) = -8*z - 3. Let l = -15 - -21. Let q(p) = l*w(p) + 11*x(p). What is the units digit of q(13)?
3
Let q = 5213 - 2212. What is the units digit of q?
1
Suppose -3*i = -2*j + i - 4, 0 = j - 4*i + 8. Let z be (j/6)/(6/45). What is the units digit of (-96)/(-3) + (z - 7)?
0
Let f = -26 + 32. Let w(l) = l**2 - 3*l - 2. What is the units digit of w(f)?
6
Let f(j) = 4*j**3 + j**2 + 9*j - 16. What is the hundreds digit of f(7)?
4
Suppose 4*d - d = 9. Suppose -3*n - 4*u + 442 + 342 = 0, n = d*u + 257. Suppose 29*i - n = 25*i. What is the units digit of i?
5
Suppose 2*h = -2*h - 8. Let q(p) = 4*p**2. Let w be q(h). Suppose 4 = 2*r - w. What is the units digit of r?
0
Suppose 3*v - 194 = 13. Suppose -5*o - 276 = -4*a, o - 3*o = a - v. What is the tens digit of a?
6
Suppose -9*g = 5*g - 2562. What is the hundreds digit of g?
1
Suppose 10*r = 4*r + 4554. What is the hundreds digit of r?
7
Let c = 4 + 998. What is the hundreds digit of c?
0
Suppose 2*l - 752 - 1276 = 0. What is the units digit of l?
4
Let x = 9 + 4. Let i be 0 - 6*(-4)/8. Suppose -b = -4, 5*t + i*b + x - 100 = 0. What is the tens digit of t?
1
Let b(d) = -3*d**3 + 1. Let u be b(1). Let y = 4 + u. Suppose -y*f + 24 = -2*p, f + 2*p + 2*p + 3 = 0. What is the units digit of f?
9
Let o(t) = -2*t**3 + 4*t**2 + 3*t - 6. What is the units digit of o(-3)?
5
Let s = -63 + 124. Suppose 3*n - s = 407. What is the tens digit of n?
5
Suppose -18 = -2*g + 3*p, 2*p - 61 = -5*g - 16. What is the units digit of g?
9
Let r(w) = w**2 + 2*w - 55. What is the tens digit of r(20)?
8
Let j(f) = 5*f - 42. Let n be j(14). Let a = 122 + n. What is the units digit of a?
0
Suppose 42*g - 38*g = 1984. Suppose 4*v - 38 = -5*k + 788, -2*v + g = 3*k. What is the hundreds digit of k?
1
Suppose 17 + 29 = -3*j - 2*i, 5*i = -3*j - 61. What is the units digit of (-465)/j - 3 - 1/(-4)?
6
Suppose i - 59 = -7*j + 3*j, 0 = 4*j - 16. Suppose -i = 3*r - 4. What is the tens digit of -1 + 1 - (-12 + r)?
2
Let v = -494 - -707. What is the units digit of v?
3
Let w(f) = -f**2 + 3*f + 4. Let i be w(4). Suppose -6*l + 3*l + 3 = i, -7 = -3*t + 5*l. What is the tens digit of 54/t*(-2 + 4)?
2
Suppose -3*p - 23 = 2*j, 2*j = 2*p - 2*j + 26. Suppose 48 = 3*o - 0. Let n = p + o. What is the units digit of n?
7
Suppose s = -2*s + 21. Suppose -4*v + t - s = 0, 0 = -2*v - v + 4*t - 15. What is the tens digit of -3 - (v - 2)*7?
1
Suppose 3*h = -2*o + 32, -5*h + 40 = -h + 2*o. Suppose -2*z = -h*z + 1536. Suppose 2*r = -6*r + z. What is the units digit of r?
2
Let l be 3381/12 - 3/4. Suppose -f = 4*f - z - l, -3*f + 159 = -3*z. What is the tens digit of f?
5
Suppose -1162 = -4*f + 2*k, 7*f - k = 3*f + 1161. What is the units digit of f?
0
Suppose 1 + 75 = 4*c + 3*x, -52 = -2*c + 2*x. Let b = c - -27. Suppose b = 2*f + 1. What is the tens digit of f?
2
Let f(i) = -9*i - 9 - 3*i - 8*i**2 + 2*i - i**3. Let x be 36/24*(-28)/6. What is the units digit of f(x)?
2
Let k = 469 - 697. Let s be 7/35 - k/10. Let f = -14 + s. What is the units digit of f?
9
Let l = 58 + -28. Suppose -4*a - a + l = 0. What is the units digit of -2 - -7*(a + -3)?
9
What is the thousands digit of (-4 + 2)/((-10582)/(-1512) - 7)?
1
Let x = 67 - 45. Suppose 0 = 4*y + 24 - 156. What is the units digit of 11/x + y/2?
7
Let p(o) be the second derivative of 1/4*o**4 + 0 - 4*o - 5/2*o**3 + o**2. What is the tens digit of p(6)?
2
Let v(y) = -3*y + 103. What is the units digit of v(24)?
1
Suppose -162 - 108 = -3*c. Let x = c - 32. What is the units digit of x?
8
Suppose 0 = -3*t + 126 - 30. Suppose 2*i - i - t = 0. What i